ed by 45.
18
Let u = 12256 + -12044. Calculate the remainder when u is divided by 16.
4
Let t(k) = k**2 + k + 20. Let y = 15 - 9. Let z(f) = f**3 - 4*f**2 - 8*f + 14. Calculate the remainder when z(y) is divided by t(0).
18
What is the remainder when 176 is divided by ((-99)/(-18))/(3/36)?
44
Let t be (-9)/30 - 10153/(-110). Suppose t*r + 234 = 101*r. Calculate the remainder when 284 is divided by r.
24
Suppose n - 4*r - 167 = -1, 0 = -4*r + 4. Suppose 7*y - 4*y + 2*t = -n, -5*y - 284 = 3*t. Let s = y - -68. Calculate the remainder when 20 is divided by s.
0
Suppose -12*f + 92 + 1098 = -862. What is the remainder when 541 is divided by f?
28
What is the remainder when (9/6)/(6/3412 + (-92 - -92)) is divided by 26?
21
Let t be 321/(-21)*2 - 33/77. Let w(r) = -r**2 - 35*r - 98. Calculate the remainder when 76 is divided by w(t).
24
Suppose 4*k + 4*k - 72 = 0. Let s be 141/k + 1/3. Suppose -2*i = -3*i + s. What is the remainder when 28 is divided by i?
12
Let t(i) = 208*i**2 - 4*i + 3. Let f = -18 + 107. Suppose -2*x - o + 24 = -12, 3*o = -5*x + f. What is the remainder when t(1) is divided by x?
17
Let d(w) = w**2 - 8*w - 1. Let s(r) = -19*r - 67. Let b be s(-4). Calculate the remainder when 196 is divided by d(b).
4
Let s(j) = j**2 + 18. Suppose 4*f + 16 - 16 = 0. Calculate the remainder when 573 is divided by s(f).
15
Let j be (527/51)/(1/3). Let w = j - 31. Suppose n = -5*c - w*n + 20, 5*n - 19 = 2*c. What is the remainder when 6 is divided by c?
0
Let r = 637074 - 636997. Calculate the remainder when 1*307*1 + 0 is divided by r.
76
Let d(s) = 605*s**2 - 4159*s - 5. Let y(n) = -2*n - 6. Calculate the remainder when d(7) is divided by y(-8).
7
Let o(g) = 7*g - 84. Let p be o(12). Suppose p = -14*y + 357 - 21. What is the remainder when 119 is divided by y?
23
Let k = 244 + 538. Calculate the remainder when k is divided by 203.
173
Suppose 187 = 12*c - 49 - 100. Suppose -2*k + 4*k - 4*h = 12, 2*k - 5*h - 10 = 0. Calculate the remainder when c is divided by k.
8
What is the remainder when 129 is divided by (-940)/(-80)*4/2*4?
35
Let o be (-40)/(-4) - 0/1. Suppose 0 = 5*l - l + 4, -2*y + 4*l = -o. Suppose -a - 22 = -y*a. Calculate the remainder when 25 is divided by a.
3
Let m = -30 + 20. What is the remainder when (-34 - (-140)/4)/(2 - (-210)/(-106)) is divided by (-106)/m - (-4)/10?
9
Suppose 0 = -g - 4*o - 21, -5*o - 29 = 3*g - 1. Let c(x) = 34*x**2 - 14*x - 11. What is the remainder when c(g) is divided by 23?
14
Suppose 12*k = 108 + 360. Suppose 273 = k*x - 468. What is the remainder when x is divided by 6?
1
Let s = -4373 + 4433. What is the remainder when 661 is divided by s?
1
Suppose -2 = -s + 4*h, -5*h = -0*s - 4*s - 14. Let x be -2*(-2)/s - (-574)/(-21). Let r = x - -47. What is the remainder when 34 is divided by r?
15
Let n(s) = -70*s**3 - 48*s**2 - s - 1. Suppose 20 = k - d, -3*k + 5*d = -21 - 39. Calculate the remainder when (302/(-8))/((-5)/k) is divided by n(-1).
19
Suppose -492*g = 3*s - 489*g - 2460, -2*g + 12 = 0. Calculate the remainder when s is divided by 55.
44
Suppose 30 = -4*u + 218. What is the remainder when 468 is divided by u?
45
Let k = 27 + 120. Suppose -64 = -18*a + 116. What is the remainder when k is divided by a?
7
Suppose 0 = -5*a + 2*q + 3*q + 210, 4*a = -4*q + 208. Suppose a*x = 42*x + 635. What is the remainder when x is divided by 8?
7
Suppose -4*s = -46 + 2. Let w be (s/3)/(1/3). Let h = 6 + w. What is the remainder when 30 is divided by h?
13
Let h = -4 + -33. Let q = 35 + h. Let o(m) = 3*m**2 - 7*m + 2. Calculate the remainder when o(q) is divided by 6.
4
Suppose 2*i = c, -4*i - c = -0*i. Suppose 43 = -i*j + j. Let p = j + -16. Calculate the remainder when p is divided by 6.
3
Calculate the remainder when 914 + (2/(-3))/((-38)/228) is divided by 42.
36
Suppose 23 = 2*t + 3*x, -25 = -x - 4*x. Let u be (20 - -38) + 3/(3/t). Let l = 285 - u. Calculate the remainder when l is divided by 32.
31
Let a(g) = -7*g**3 + 2*g**2 + 13*g + 64. What is the remainder when a(-5) is divided by 226?
20
What is the remainder when ((-196)/(-21))/(40/900) is divided by 136?
74
Suppose 5*q = -6*j + 71, 12*j - 23 = -2*q + 15*j. Calculate the remainder when 1193 is divided by q.
10
Let t(x) = x**3 - 13*x**2 - 7*x + 14. Let c be t(13). Let k be (-5)/(-7) - 22/c. Let p(g) = 14*g + 1. Calculate the remainder when 41 is divided by p(k).
11
Suppose -542 + 914 = 93*i. Calculate the remainder when 4102 is divided by i.
2
Suppose -5*m + 3*c + 389 = 0, 472 = 6*m - 29*c + 28*c. Calculate the remainder when 232 is divided by m.
74
Let o = -48 + 53. Suppose 5*x = -o - 70. What is the remainder when (-6)/x + 103/5 is divided by 6?
3
Suppose 0*t - 120 = -3*f + 4*t, -211 = -5*f + 3*t. Suppose -25*s = 23*s. Suppose j = -s*j + f. What is the remainder when 130 is divided by j?
42
Calculate the remainder when 644 is divided by 924/546*(-65)/(-10).
6
Suppose -103464 = -26*s + 8*s. Suppose -12*z + s = -0*z. Calculate the remainder when z is divided by 40.
39
Suppose -269807 + 6511 = -128*p. What is the remainder when p is divided by 187?
0
Suppose 0 = 3*x + 12, x = 167*h - 168*h + 502. What is the remainder when h is divided by 158?
32
Let l be -1 + -64 - (54 + -49). Let b = 18 - 56. Let w = b - l. What is the remainder when w is divided by 18?
14
Let w(a) = -a**3 - 4*a**2 + 66*a + 330. What is the remainder when 191 is divided by w(-8)?
17
Suppose -22*v + 972 = 31*v - 47*v. Calculate the remainder when 2127 is divided by v.
21
Let l = 88 - 63. Suppose 5*z + 28 = 48. Suppose -28 + 114 = y + z*r, 5*y - 475 = -5*r. Calculate the remainder when y is divided by l.
23
Suppose 374 = 5*v + 81*u - 82*u, -234 = -3*v - u. What is the remainder when v is divided by 16?
12
Let v(r) = -3*r - 26. Let n be v(-7). Let d(b) = -5*b**2 - 3*b. Let z be d(n). Let s = z - -117. Calculate the remainder when 19 is divided by s.
5
Let w = 10271 + -10095. What is the remainder when w is divided by 97?
79
Let g = 3763 - 3687. Calculate the remainder when 3112 is divided by g.
72
Let a(i) = -3*i**2 + 4*i - 14*i**2 + 2*i**2 - 4*i**2 - 3. Let s be a(1). What is the remainder when 52 is divided by (-1)/(-6)*-3*s?
7
Let g(b) = 7*b**3 + 3*b**2 - 24*b + 59. What is the remainder when 439 is divided by g(3)?
33
Suppose 1015 = 5*a + 4*g, -39*a + 1060 = -34*a - 5*g. Calculate the remainder when a is divided by 37.
22
Let v(c) = c**3 + c. Let r(y) = -3*y**3 - 2*y - 214. Let s(i) = -r(i) - 4*v(i). Calculate the remainder when s(0) is divided by 55.
49
Let o(k) = 20 - 13 - 11 + 18*k - 2. Calculate the remainder when 118 is divided by o(2).
28
Suppose -48 = 2*w + 62. Let b(r) = 21*r**2 + r + 1. What is the remainder when b(-1) is divided by -4*11/(w/10)?
5
Let q(h) be the second derivative of -11*h**5/10 + h**2/2 - 10*h. What is the remainder when (-387)/(-6) - 12/(-24) is divided by q(-1)?
19
Let o = 144 + -63. Suppose -21 = -10*u - o. What is the remainder when 7 is divided by 1/(3 + 16/u)?
1
Let p(m) = -179*m - 1862. What is the remainder when 1074 is divided by p(-11)?
4
Suppose 8*a = -136*a + 25200. Calculate the remainder when a is divided by 26.
19
Let l = 204 - 265. Let d = 86 + l. What is the remainder when 94 is divided by d?
19
Suppose -1736 = -10*n + 434. Calculate the remainder when n is divided by 23.
10
Suppose 0 = -38*t + 40*t - 12. Suppose t*f + 439 = 4*g + 5*f, 554 = 5*g + 4*f. Calculate the remainder when g is divided by 37.
36
Let w(r) = r**2 + 32*r - 371. Calculate the remainder when w(10) is divided by 37.
12
Let r = -3931 + 4230. Calculate the remainder when 558 is divided by r.
259
Suppose 63*f - 68*f + 3*m = -1144, -m = -3*f + 684. What is the remainder when f is divided by 31?
10
Suppose 3*l = -4*r + 12341, -3*r - 5*l + 5969 + 3273 = 0. What is the remainder when r is divided by 182?
177
Suppose -5*j = -0*j - 945. Calculate the remainder when j is divided by (-38 - (-308)/28) + 75.
45
Suppose -6*q + 8*q - 4894 = d, -2*q - 4*d + 4874 = 0. What is the remainder when q is divided by 68?
65
Suppose 0 = r - 10*r + 54. Suppose -3*w + 30 = -99. Calculate the remainder when w is divided by r.
1
What is the remainder when 5317 is divided by 483/(-276) - 115/(-4)?
25
Let c = -3297 - -3311. What is the remainder when 1075 is divided by c?
11
What is the remainder when